+ z**3 - 4 - 3*z - 3*z**2 + k. Let g(a) = 2*a**3 + 5*a**2 + 51*a + 166. Let m be g(-3). Determine j(m).
3
Let h(k) = 2849*k + 2755*k - 5612*k + 72. Determine h(17).
-64
Let l = -7439 + 7434. Let t(v) = -v**3 + 3*v + 5. What is t(l)?
115
Let x(j) = -10*j**3 - 8*j**2 + 4*j + 5. Let i(s) = 21*s**3 + 17*s**2 - 9*s - 11. Let o be -9*((-3)/(-27))/((-5)/30). Let a(v) = o*i(v) + 13*x(v). Give a(-1).
3
Let s(y) = 716*y - 717*y + 27775*y**2 - 27774*y**2 + 16*y**3 + 1. Let x = 0 - 0. Let r be 1 - (2 + -2 + x). Calculate s(r).
17
Let t(l) be the first derivative of 5*l**3/3 - 2*l**2 - 6*l + 3309. Calculate t(-1).
3
Let n(v) = 17*v**3 - 3*v**2 + 14*v - 25. Let h(s) = 31*s**3 - 5*s**2 + 26*s - 47. Let z(l) = 6*h(l) - 11*n(l). Determine z(0).
-7
Let j(n) be the first derivative of -21/2*n**2 + 0*n + 1/120*n**6 - 1/20*n**5 + 1/3*n**3 - 1 - 1/24*n**4. Let b(u) be the second derivative of j(u). Give b(3).
-1
Let u(l) = -71*l**3 + 13*l**2 - 5*l + 25. Let b(j) = -130*j**3 + 25*j**2 - 9*j + 48. Let o(r) = -6*b(r) + 11*u(r). Determine o(-8).
59
Let b(i) = -41*i + 94. Let u(o) = 112*o - 282. Let f(t) = 11*b(t) + 4*u(t). What is f(-28)?
-10
Suppose -l - 3*l = 12. Let h(i) = -74*i + 19. Let b(t) = 62*t - 16. Let f(n) = 6*b(n) + 5*h(n). What is f(l)?
-7
Let c = 7 + -3. Let n(d) = -d**3 + 5*d**2 - 6*d + 1. Let u be n(c). Let g(l) be the second derivative of l**4/12 + 4*l**3/3 + 3*l**2/2 + 5601*l. Determine g(u).
-4
Suppose -138*d - 10 = -143*d. Let m(c) = -29*c**d - c + 28*c**2 + 32*c**2. Determine m(1).
30
Suppose 3*d + 2 + 7 = 0, -5*y + 5604 = 2*d. Let m(r) = y - 1122 + r. What is m(7)?
7
Let x = 5 - 3. Let k(y) be the second derivative of y**6/120 - y**5/60 + y**4/24 - 2*y**2 - 5*y - 10. Let q(s) be the first derivative of k(s). Calculate q(x).
6
Let i be (10/(-225)*-15)/((-4)/(-36)). Let r = 8 + -2. Let j(u) = -2*u + 4*u + r - 2*u - u. Determine j(i).
0
Let c be -9*(-4)/14*(-336)/(-72). Suppose 0 = -11*g + c*g - 1. Let k(h) = 11*h + 1. Determine k(g).
12
Let k(l) be the first derivative of -l**4/24 - 45*l**2 - 81. Let z(g) be the second derivative of k(g). Calculate z(-2).
2
Let c(u) = 10*u - 2. Suppose -4*q - 28 = -4*a, -5*q + 15 = -8*q. Let n be (-208)/(-1040)*a/((-4)/(-10)). Give c(n).
8
Let v(o) be the first derivative of -3/2*o**2 - 238 + 0*o. Give v(2).
-6
Let w(u) = u**3 + u**2 + 4*u - 11. Suppose 0 = -39*z - 26*z - 92*z + 314. What is w(z)?
9
Let s be (34/3)/(5/(-15)) - -5. Suppose 2*l + l = -72. Let w = s - l. Let r(b) = b**2 + 7*b + 5. What is r(w)?
-5
Let b(q) = q**2 - 2*q - 66. Let z be b(-7). Let i(k) = -2*k**2 - 8*k + 4. Determine i(z).
10
Let r(n) be the second derivative of 0*n**2 + 0*n**5 - 1/24*n**4 - 1/3*n**3 + 0 - 1/360*n**6 - 8*n. Let h(q) be the second derivative of r(q). Determine h(0).
-1
Let f = -865 - -867. Let u(y) = -f - 14*y - 2*y + y**3 + 10*y - 5*y**2 - y + y. Give u(6).
-2
Let h(l) = 7*l + 12. Suppose 167*i + 468 = 30*i - 19*i. Determine h(i).
-9
Let b(f) = 3*f - 19. Let n(p) = -33*p + 16*p + 16*p + 8. Let o(x) = -3*b(x) - 7*n(x). Determine o(-3).
7
Suppose -x + 1005*y - 1002*y + 13 = 0, -x + 15 = -4*y. Let b(r) = -r**3 + 6*r**2 - 10*r + 102. Give b(x).
-17
Let k(w) = 43*w - 169. Let t be k(4). Suppose -3*o + 5*o + f + 17 = 0, 3*f = t*o + 12. Let x(j) = -j - 8. Calculate x(o).
-1
Let b(o) be the third derivative of 0 + 1/12*o**4 + 17/6*o**3 + 0*o - o**2 + 1/360*o**6 - 7/120*o**5. Let g(n) be the first derivative of b(n). Calculate g(6).
-4
Let i(k) be the first derivative of 10*k - 7 + 3/2*k**2 - 1/3*k**3. What is i(4)?
6
Let v(h) be the third derivative of -h**6/120 - 7*h**5/60 - h**4/12 + h**3 - 1204*h**2. Give v(-7).
20
Let o(h) be the first derivative of -h**3/3 + 12*h**2 - 137*h - 3999. Give o(13).
6
Let i(o) = -o**2 - 24*o + 20. Let z be i(-25). Let g be (-2)/z - 252/(-70). Let t(l) = 10*l - 5*l + l - 5*l - g. What is t(4)?
0
Suppose 0 = 3*y + 3*s, 88 - 46 = -4*y + 3*s. Let h(f) = 2*f**3 + 7*f**2 - 22*f + 1. Calculate h(y).
-47
Let y be 231/(-539) - (-76)/14. Let l(k) = -k**3 + 6*k**2 - 7*k + 6. Give l(y).
-4
Let d(h) = 6*h - 19. Let j(f) = 2*f**3 + 65*f**2 + 205*f + 61. Let g be j(-29). What is d(g)?
-1
Let d(u) = -u**3 + 3*u**2 - 5*u + 13. Let n(c) = -2*c**3 + c**2 - 4*c + 16. Let v(a) = 3*d(a) - 2*n(a). Determine v(-8).
-1
Suppose 0 = -w - 2*w + 96. Let l(k) = -k - 20 + 51 - w. What is l(-4)?
3
Let q(k) = -k**2 + 2*k - 3. Let d be q(4). Let a(j) = -4664*j + 9348*j - 4685*j - 14. Give a(d).
-3
Let j(n) = 2*n**3 + n**2 + 2*n - 2. Let o(p) = 5*p + p**2 - 1 + 0 - 4 + 4*p**3. Let u(c) = -5*j(c) + 2*o(c). Let g be (-11600)/43500*15/2. Determine u(g).
4
Let h(r) = -r**3 + 2*r**2 - 1. Let t = -165 - 31. Let f = t - -195. What is h(f)?
2
Suppose -2*j = -7*j + 3*u + 1, 5*j = -2*u + 16. Let n(t) = 4 - t**3 - 14 + 4*t**j + t + 11. Give n(4).
5
Let b be (3/6)/(10/(-4) - -3). Let q(p) = 13*p - 2 + 9 - b - 9 + 5. What is q(-1)?
-11
Let n(f) be the second derivative of -2*f**3/3 + f**2 + 107222*f. Let t be (1/(-2))/(1/(-20)). Let r be (-1)/(-1*2/t). Determine n(r).
-18
Let m = -20024 - -20031. Let k(a) = -8*a**2 - 2 + a + a**2 + 5 - 2 + a**3. Determine k(m).
8
Suppose 6*g - 8*g - 14 = 0. Let o(v) be the second derivative of -v**4/12 - 7*v**3/6 + 2*v**2 - 2*v + 220. Give o(g).
4
Let b(v) = -27*v**3 - v**2 + 1. Let d = 30 - 23. Let g(l) = -2*l**3 + 14*l**2 - l + 8. Let y be g(d). Give b(y).
-27
Let z(p) = p + 9. Let j(r) be the third derivative of -r**5/60 + 23*r**4/24 - 39*r**3/2 - 71*r**2. Let l be j(6). Give z(l).
-6
Let m be (-1)/(-7)*11 - (-45)/105. Let n be 1 + (m - 1) + -17 + 8. Let k = -9 - n. Let x(w) = -2*w**2 - 4*w - 2. Determine x(k).
-2
Let k(w) = 5*w**3 + 62*w - 8. Let p(h) = 2*h**3 + 10*h - 1. Let c(g) = k(g) - 6*p(g). Give c(-2).
50
Suppose 8*z - 81 = 63. Suppose -2*m - 12 = -z. Let a be -5 - (-3 - 0) - (m + 0). Let w(o) = o**3 + 5*o**2 + 2*o - 1. What is w(a)?
-11
Let n(v) be the second derivative of v**6/120 - 29*v**5/120 + v**4/4 - 3*v**3 - 4*v - 9. Let x(d) be the third derivative of n(d). What is x(5)?
1
Suppose 8*r = 13*r + 25, -r - 13 = 2*q. Let u(s) = -s**2 - 5*s - 8. What is u(q)?
-4
Let q(u) = -52*u - 1178 + 1179 + 8*u**2 - u**3 + 59*u. Determine q(9).
-17
Let m(b) = -b - 1. Let y(c) = -5*c - 5. Let t(n) = 25*m(n) - 4*y(n). Suppose 1 = 5*j + 11. Let p be 14/j - (-1 + -2). Determine t(p).
15
Let f(p) = -2*p**3 - 5*p**2 - 5*p - 2. Let n be (-10)/(-2 - 0 - (-39)/26). Suppose -3*j + 4*c - 21 = 0, -n*c + 24*c + 3 = -5*j. Determine f(j).
22
Let c(m) = 435 + m + 438 - 865. Suppose 6*l + 3*l = -l. What is c(l)?
8
Let c = 116 + -115. Let f be ((-1 - c) + -1)*147/(-63). Let w(p) = 6*p - 9. Let q(v) = -7*v + 9. Let k(a) = 5*q(a) + 6*w(a). Give k(f).
-2
Let x(j) = 5*j**2 - 6*j + 4. Let u(f) = -2*f**2 - 1. Let i(d) = 2*u(d) + x(d). Give i(8).
18
Let i(g) = -17*g**2 + 13*g. Let w(m) = -83*m**2 + 416*m - 4. Let d be w(5). Calculate i(d).
-4
Let t(h) = 3*h**3 + 41*h**2 - 44*h + 71. Let w(s) = s**3 + 14*s**2 - 16*s + 25. Let d(a) = 4*t(a) - 11*w(a). Determine d(-8).
137
Let m(l) be the second derivative of -2*l**3 + 25*l**2/2 - 34*l - 8. Calculate m(4).
-23
Let i(w) = -2*w**2 - 11*w + 2. Suppose x = -236*a + 232*a - 2, -4*x + 3*a = 27. Give i(x).
-4
Let n(h) be the first derivative of -h**4/4 + 10*h**3/3 + 9*h**2/2 + 7*h + 1622. Calculate n(11).
-15
Let s = 867 - 872. Let p be 1/s - ((-320)/(-25) + 0). Let b(f) = -f**3 - 13*f**2 - f - 16. Give b(p).
-3
Let k be (-2492)/267*216/(-14). Let a be 10/8 + (-36)/k. Let x(v) = -17*v + 1. Let w(f) = 34*f - 2. Let c(g) = -6*w(g) - 13*x(g). Determine c(a).
16
Let z(x) = 4*x**2 - 5*x**2 - 10 - 12*x - 2. Let q be z(-10). Let b(l) be the second derivative of l**4/12 - 3*l**3/2 + 6*l**2 + 74*l. Determine b(q).
4
Let q be ((-40)/(-50))/(45/(-25) + 2). Let s(o) = 3*o**3 - 75 + 6*o**3 + o - 3*o**3 - 5*o**2 + 72 - q*o**3. Calculate s(4).
49
Let k(s) = 18*s**3 - 2*s**2 + 1. Let q(a) = 4 + 22 - 3 + 6*a. Let x(d) = -8*d**3 + 58*d**2 - 9*d - 39. Let w be x(7). Let u be q(w). What is k(u)?
-19
Let r(c) be the third derivative of c**5/40 - c**4/6 - 20*c**3/3 - 77*c**2. Let n(p) be the first derivative of r(p). Determine n(3).
5
Let f(k) = -4*k**2 + 1115*k + 50*k**3 - 1116*k + 7*k**2 + 1 - 3*k**2. Determine f(1).
50
Let f(z) = 7*z - 265. Suppose -3*n = -5*t - 141, 5*t + 87 + 128 = 5*n. Give f(n).
-6
Let w